+ 17*f + 7. What is z(0)?
7
Let n(q) = 15*q + 108. Determine n(-7).
3
Let v(w) = -w**2 - 12*w + 16. What is v(-13)?
3
Let z(r) = 2*r**3 - r**2 - 3*r - 2. Calculate z(2).
4
Let b(t) = 6*t**2 - 7*t + 7. Give b(4).
75
Let z(h) = h**2 + 13*h - 335. Give z(-26).
3
Let q(u) = u**2 - 2*u + 1. Calculate q(3).
4
Let m(d) = 5*d - 86. Calculate m(16).
-6
Let h(g) = 30*g + 5. What is h(-1)?
-25
Let h(w) = w**2 - 7*w + 3. What is h(7)?
3
Let q(j) = -45*j**3 + j**2 + j + 1. What is q(-1)?
46
Let g(l) = -8*l + 124. Give g(15).
4
Let l(m) = -2*m**2 - m. Calculate l(-1).
-1
Let n(v) = -v**3 - 30*v**2 + v + 49. Give n(-30).
19
Let m(k) = k**3 + 7*k**2 - 19*k + 13. What is m(-9)?
22
Let j(q) = -q**2 + 13*q - 38. Calculate j(6).
4
Let w(a) = a**3 - 5*a**2 + a - 4. Determine w(5).
1
Let c(f) = 6*f**2 + 92*f + 178. Determine c(-2).
18
Let x(m) = -m**2 + 3*m + 5. Calculate x(5).
-5
Let r(v) = -v**2 - 13*v - 7. What is r(-7)?
35
Let n(w) = w**2 + 16*w + 28. Give n(-13).
-11
Let v(n) = 3*n**2 - 23*n + 8. Give v(6).
-22
Let s(v) = -v**2 - 8*v - 8. Give s(-4).
8
Let x(p) = -p**2 + 27*p - 27. What is x(1)?
-1
Let x(q) = -q**3 + 11*q**2 + 37*q - 142. What is x(13)?
1
Let i(j) = j**3 + 11*j**2 + 14*j + 14. Calculate i(-8).
94
Let b(l) = 7*l**2 + 33*l - 8. What is b(-5)?
2
Let r(m) = -m**3 + 14*m**2 - 9*m - 39. Give r(13).
13
Let y(v) = v**2 - 71. Calculate y(-8).
-7
Let k(a) = a**2 - 9*a. What is k(8)?
-8
Let y(q) = q**3 - 8*q**2 - 8*q + 17. Determine y(9).
26
Let l(x) = 21*x - 2. What is l(2)?
40
Let g(u) = -2*u - 4. Calculate g(7).
-18
Let c(n) = 5*n + 49. Determine c(-14).
-21
Let x(g) = 3*g - 30. Determine x(11).
3
Let b(u) = u**2 + 7*u + 4. Give b(-5).
-6
Let b(a) = 7*a + 7. Give b(-6).
-35
Let t(n) = n**3 - 2*n**2 - 34*n. Give t(7).
7
Let v(d) = 4*d - 3. Determine v(-6).
-27
Let p(y) = y**3 - 2*y**2 + 8*y - 15. Give p(3).
18
Let f(a) = 3*a**2 + 5*a + 1. Determine f(0).
1
Let d(h) = -2*h**2 + 6*h + 2. What is d(5)?
-18
Let n(c) = 14*c + 17. What is n(-2)?
-11
Let x(o) = -65*o - 214. Determine x(-3).
-19
Let b(v) = -5*v + 4. Give b(-11).
59
Let p(w) = -w + 10. Give p(7).
3
Let n(x) = x - 2. Determine n(2).
0
Let h(o) = -7*o**2 - o + 2. Determine h(1).
-6
Let z(p) = 12*p - 42. What is z(3)?
-6
Let n(y) = 18*y - 9. Give n(-8).
-153
Let n(v) = v**2 - 2*v - 14. Calculate n(8).
34
Let x(p) = p**2 - 17*p - 18. Determine x(8).
-90
Let z(s) = s**2 - 9*s + 3. Calculate z(8).
-5
Let r(h) = -2*h**3 - 6*h**2 + 11*h + 12. Give r(-4).
0
Let b(v) = -v**2 - 3*v + 1. What is b(0)?
1
Let d(f) = -4*f**2 - 4*f + 2. Give d(3).
-46
Let d(h) = -h**2 - 14*h + 11. What is d(-13)?
24
Let z(y) = y**3 - 11*y**2 + 9*y - 12. Give z(11).
87
Let s(y) = 3*y - 19. Determine s(-12).
-55
Let x(j) = -3*j + 6. Determine x(5).
-9
Let v(m) = 22*m**2 + 3*m - 4. Calculate v(1).
21
Let h(q) = 9*q + 3. What is h(1)?
12
Let g(k) = k**3 - 6*k**2 - 19*k + 28. Determine g(8).
4
Let d(g) = 2*g**3 - 20*g**2 - 7*g + 27. What is d(10)?
-43
Let t(r) = r**3 - 5*r**2 + 5*r - 6. Give t(4).
-2
Let g(o) = o**2 + 4*o + 6. Determine g(-7).
27
Let l(j) = 2*j**3 - 86*j**2 + 82*j + 89. Determine l(42).
5
Let b(o) = -o**3 + 25*o**2 + 2*o - 46. Calculate b(25).
4
Let a(k) = 16*k - 173. What is a(9)?
-29
Let r(c) = c**3 - 19*c**2 - 3*c + 48. What is r(19)?
-9
Let d(z) = -14*z - 49. What is d(-5)?
21
Let c(f) = -31*f + 17. Determine c(1).
-14
Let g(u) = u**3 - 16*u**2 + 16*u - 17. Calculate g(15).
-2
Let h(a) = a**3 + 7*a**2 - 3*a - 7. Calculate h(-7).
14
Let a(t) = -t**3 - 8*t**2 - 8*t - 11. Determine a(-8).
53
Let j(p) = p**3 - 5*p**2 + 4*p. What is j(4)?
0
Let m(d) = 8*d + 114. Give m(-13).
10
Let v(x) = 7*x + 52. Give v(-8).
-4
Let x(a) = -2*a**2 - 56*a - 109. Determine x(-2).
-5
Let q(a) = a**3 - a**2 - 5*a - 55. Determine q(0).
-55
Let q(o) = 2*o**2 + 13*o + 17. Give q(-6).
11
Let n(o) = o**3 - 21*o**2 + 22*o - 35. What is n(20)?
5
Let o(x) = x**2 + 10*x + 5. Give o(-9).
-4
Let w(u) = 73*u - 369. Calculate w(5).
-4
Let h(l) = 7*l**2 - 29*l + 1. Give h(4).
-3
Let x(w) = -w**3 + 11*w**2 - 15*w - 14. Calculate x(8).
58
Let r(x) = 6*x**2 - 6*x - 3. Calculate r(-2).
33
Let h(t) = t**3 - 14*t**2 - 32*t - 3. Determine h(16).
-3
Let v(w) = -w**3 + 6*w**2 + 15*w - 2. Give v(8).
-10
Let f(x) = 14*x - 114. What is f(9)?
12
Let v(x) = x**2 - 8*x + 6. What is v(6)?
-6
Let u(p) = -p + 14. Determine u(14).
0
Let o(c) = c**3 - 8*c**2 - c - 7. Determine o(9).
65
Let z(j) = -j**3 - 6*j**2 - 5*j - 4. Give z(-5).
-4
Let q(f) = -9*f + 46. Determine q(13).
-71
Let n(z) = -z**3 - 1. What is n(2)?
-9
Let g(a) = 7*a - 88. Determine g(16).
24
Let y(p) = -8*p**3 + 2*p**2 + 2*p - 2. What is y(2)?
-54
Let f(z) = -z**2 - 15*z - 41. Calculate f(-11).
3
Let s(y) = -4*y**3 + 161*y**2 - 42*y + 77. Calculate s(40).
-3
Let o(f) = -f**3 + 4*f**2 + 2*f - 7. Determine o(5).
-22
Let i(a) = 3*a**2 + 5*a - 4. Give i(-3).
8
Let v(c) = c**3 + 4*c**2 - 2*c. Determine v(-5).
-15
Let z(a) = 5*a**2 - 22*a + 7. Determine z(4).
-1
Let z(p) = 2*p**3 - 6*p**2 + 3. What is z(4)?
35
Let n(k) = 15*k + 39. Calculate n(-4).
-21
Let v(o) = -o**2 + 10*o - 14. Determine v(5).
11
Let x(d) = -5*d - 5. Give x(-14).
65
Let u(f) = f**3 + 6*f**2 - 4*f + 1. Calculate u(-6).
25
Let v(w) = -w**3 - 6*w**2 + 13*w - 37. Calculate v(-8).
-13
Let d(p) = 2*p - 11. What is d(8)?
5
Let d(o) = -17*o**2 + o. What is d(-1)?
-18
Let d(y) = -y**3 - 16*y**2 - 17*y - 24. Calculate d(-15).
6
Let q(l) = -8*l**3 - l**2 + l. Calculate q(-2).
58
Let l(a) = 2*a + 22. Determine l(-6).
10
Let x(l) = l**2 + 3*l + 3. Give x(-2).
1
Let f(t) = -47*t + 411. Give f(9).
-12
Let t(k) = k**3 + 3*k**2 + 8*k + 9. What is t(-2)?
-3
Let r(s) = -3*s - 21. Calculate r(-5).
-6
Let w(p) = -p**2 + 14*p - 36. What is w(9)?
9
Let j(d) = -2*d**3 + 39*d**2 + 20*d - 2. Give j(20).
-2
Let x(z) = 12*z**2 - 2*z - 1. Calculate x(-1).
13
Let f(z) = 2*z + 7. Calculate f(-8).
-9
Let o(m) = 2*m**2 - 9*m + 5. Calculate o(3).
-4
Let a(p) = 3*p + 24. Determine a(0).
24
Let b(s) = -s**3 - 10*s**2 + 11*s + 10. What is b(-11)?
10
Let d(c) = 9*c**2 - 103*c + 49. What is d(11)?
5
Let n(h) = -h**2 + 13*h - 16. What is n(11)?
6
Let f(x) = -x**2 + 7*x + 11. Determine f(8).
3
Let a(w) = w**2 - 4. Calculate a(2).
0
Let v(w) = w**3 + w**2 - 3*w + 2. Give v(2).
8
Let p(u) = -u**3 + 11*u**2 + 8*u - 28. What is p(12)?
-76
Let o(r) = -r**2 + 5*r - 4. Calculate o(6).
-10
Let o(w) = -w**3 + 34*w**2 + w - 34. Determine o(34).
0
Let z(i) = i - 6. Determine z(7).
1
Let p(m) = 25*m + 378. Calculate p(-15).
3
Let d(z) = -z**2 - 3*z + 70. Calculate d(-10).
0
Let x(p) = -4*p**2 - 10*p + 8. Calculate x(-3).
2
Let s(z) = 2*z**3 + 8*z**2 + 19*z - 2. Calculate s(-2).
-24
Let z(h) = h**3 + h**2 - 6*h - 8. Give z(-3).
-8
Let m(k) = -k**3 + 12*k**2 - 2*k - 5. What is m(12)?
-29
Let u(w) = 4*w - 13. What is u(-3)?
-25
Let f(h) = h**2 - 7*h - 9. Determine f(7).
-9
Let q(t) = -5*t**2 - 2*t - 5. Give q(-3).
-44
Let v(w) = -4*w + 104. Give v(29).
-12
Let i(j) = -j**2 - 15*j - 51. What is i(-9)?
3
Let q(p) = -p**2 - 6*p. What is q(-6)?
0
Let u(j) = -j**2 + 4*j + 5. Calculate u(4).
5
Let w(u) = -u**3 - 5*u**2 - 2*u + 4. What is w(-4)?
-4
Let i(g) = -g**3 - 10*g**2 - g - 48. Calculate i(-10).
-38
Let o(h) = 12*h**2 + 2. Calculate o(2).
50
Let h(n) = -16*n - 145. What is h(-9)?
-1
Let n(v) = -5*v + 12. Give n(21).
-93
Let z(a) = -4*a - 15. What is z(-5)?
5
Let i(y) = 15*y**2 - 3*y - 2. Calculate i(-1).
16
Let z(k) = k - 6. Give z(12).
6
Let l(u) = -27*u - 2. What is l(-2)?
52
Let c(b) = -b**3 - 11*b**2 + b + 10. Determine c(-11).
-1
Let c(w) = 15*w - 2. Calculate c(2).
28
Let m(x) = -2*x**3 - 31*x**2 + 18*x + 24. Determine m(-16).
-8
Let u(d) = 10*d + 3. Determine u(-3).
-27
Let x(a) = 13*a**2 - 56*a - 37. Calculate x(5).
8
Let a(r) = -4*r - 56. Calculate a(-14).
0
Let f(b) = b**3 - 30*b**2 + 2*b - 5. Calculate f(30).
55
Let p(w) = w**2 - 41*w - 7. What is p(41)?
-7
Let v(d) = -3*d + 2. Give v(3).
-7
Let g(i) = 2*i**2 - 4*i - 50. What is g(6)?
-2
Let a(n) = -64*n + 580. Give a(9).
4
Let f(n) = -n**3 - 4*n**2 + 6*n + 5. Calculate f(-3).
-22
Let m(b) = 2*b + 19. Determine m(-15).
-11
Let k(l) = 16*l**2 - 5*l + 7. Determine k(2).
61
Let w(r) = -r - 18. Calculate w(-15).
-3
Let n(j) = j**3 + 14*j**2 - 2*j - 25. Give n(-14).
3
Let d(g) = -5*g**2 + 6*g + 6. Calculate d(6).
-138
Let q(h) = 18*